7592/20. What is the units digit of o/203 - (-4)/14?
6
Let u = 2051 + 1504. What is the tens digit of u?
5
Suppose 0 = -27*v + 1220640 - 16737. What is the ten thousands digit of v?
4
Let o = 14593 - 8518. What is the units digit of o?
5
Suppose x = -2*i + 6*x + 20, -4*i + 70 = 5*x. Suppose 5*l = 130 + i. Suppose 5*f - l = -3*t, 5*f - 2*t - 11 = t. What is the units digit of f?
4
Let p = 8497 - 3492. What is the tens digit of p?
0
Suppose 0 = 3*m + r - 6 + 3, 12 = -4*r. Let o = 5443 - 5206. Suppose 0 = m*z - 4*l + 3*l - o, 4*z - 477 = 5*l. What is the units digit of z?
8
Suppose -4*z - 38 = -5*s, 9*z - 7*z + 28 = -2*s. Let c = 61 + z. What is the units digit of c?
9
Let x(d) = -6*d + 4. Let l be x(-4). Let y be 2611/39 - 240/(-4680). Suppose -w + y = -l. What is the units digit of w?
5
Let f(h) = 3*h**2 + 2. Let o be f(1). Suppose 0 = -3*k - 6, -o*y - 3*k - 4 + 18 = 0. Suppose y*n - 9*n = -55. What is the tens digit of n?
1
Suppose -5*o - 5*p = -15, -4*o + 3*p + 4 + 1 = 0. Suppose -r + o*j - 146 = r, -4*j = r + 68. Let u = 143 + r. What is the tens digit of u?
7
Suppose 4*w + g = 7611, g = -4*w + w + 5708. Suppose -k + 2*m + 188 + 767 = 0, 2*k + 3*m - w = 0. What is the hundreds digit of k?
9
Let c = -369 + 156. Let n = -32 - c. What is the hundreds digit of n?
1
Let k(f) = f**3 - 33*f**2 + 5. Let a be k(33). Suppose -g = 5*y - 799, -9*y + a = -4*y. What is the units digit of g?
4
Let y be 30/18 + 0 - 105/9. What is the hundreds digit of (-50)/y*-7*96/(-7)?
4
Let k = -24135 - -33616. What is the thousands digit of k?
9
Let k(o) = 8605*o - 395. Let q(g) = 478*g - 22. Let y(p) = 6*k(p) - 110*q(p). What is the hundreds digit of y(-2)?
9
Let p(y) = -y**3 - y**2 + 5*y + 2. Let g be p(-3). Let d be 4 + 1 + 0 + g + -4. What is the units digit of (-4)/(-6)*-1*(-27)/d?
3
Suppose -16*s + 20136 + 26216 = 0. What is the hundreds digit of s?
8
Let f(b) be the second derivative of -b**5/10 - 7*b**4/4 + 11*b**3/6 + 5*b**2 + 29*b. Let j be f(-11). Suppose 9*h = j*h - 29. What is the units digit of h?
9
Let k be -16*(1 + 12/(-8)). Let o(z) = 40*z**2 - 11*z - 7*z - z**3 - 27*z**2 + k + 0*z**3. What is the hundreds digit of o(7)?
1
Suppose -71*m + 62*m = -37692. Suppose 5*j - 702 = m. What is the tens digit of j?
7
Let x(m) = -2*m**3 - 44*m**2 - 14*m - 60. Let u be x(-23). Let h = u + -642. What is the tens digit of h?
7
Suppose -32*q + 5*q = -7344. Suppose -4*h + 4*d + q = 20, -5*d - 63 = -h. What is the tens digit of h?
6
Let a = 3711 + -3433. What is the hundreds digit of a?
2
What is the thousands digit of 30904/10 + 6/10?
3
Let f(s) = -2*s**2 - 409*s - 367. What is the tens digit of f(-79)?
6
Suppose 18*c - 17*c = j - 8740, -5*j + 43688 = -c. What is the thousands digit of j?
8
Suppose w = -2*c + 4*c - 10, -c + 5 = -4*w. Suppose -2*b = -4*k - 1042, c*k = 2*b + b - 1564. What is the hundreds digit of b?
5
Let g be (20 - 10)*(-96)/(-10). Suppose 0 = -3*i + 4*z + 134, -2*z - g = -2*i - z. Suppose n - i = -2*m, -5*m + m = 3*n - 160. What is the tens digit of n?
6
Let n be (-6 + (-76)/(-13))*-13. Suppose 2*z - 4*d - 546 = 1318, 0 = n*z + 5*d - 1819. What is the tens digit of z?
2
Suppose 0 = -1236*h - 1233*h + 2447*h + 1055516. What is the hundreds digit of h?
9
Suppose -2*s - 2*a = -44, 0 = -3*s + 3*a - 0 + 42. Suppose -2*q - 10 = -5*u, -2*u + 8 = 2*q + s. What is the units digit of 3 + q - 3/(-1)?
1
Let c(q) = -q**3 + 27*q**2 - 22*q + 71. Let w be c(26). Let l = -27 + w. What is the tens digit of l?
4
Let m = -34198 - -72998. What is the hundreds digit of m?
8
Let o(k) = 37*k - 2*k - 11*k - 62 - 15*k. Let y(c) = c + 19. Let v be y(-9). What is the tens digit of o(v)?
2
Suppose 0 = -127*k + 110*k + 404770. What is the units digit of k?
0
Suppose 8*y - 4 = 12*y. Let k be (-113 + 3)/(2*y). Let b = -10 + k. What is the units digit of b?
5
Let a(s) be the third derivative of 16*s**2 + 1/8*s**4 - 2*s**3 + 0 + 0*s. What is the tens digit of a(9)?
1
Suppose 3*g - 5*p = -g + 361, 0 = 4*g - 4*p - 364. Suppose -g - 196 = -5*c. Let l = -7 + c. What is the units digit of l?
1
Suppose 60 = -a + 5*a - 5*w, -38 = -3*a + 2*w. Let v(m) = 3*m + 6*m + 5 - m**3 - a*m**2 - 1 + 5*m. What is the tens digit of v(-12)?
2
Suppose -6*v + 109719 - 11715 = 0. What is the units digit of v?
4
Suppose 0*p - 2*p = -5*z - 1506, -7*z - 2115 = -5*p. What is the units digit of z/(-5)*(-40)/(-6)?
0
Let h be 4/(-10) + ((-340)/25)/(-4). Suppose 5*i - 2*x = 24, -h*x + 2*x + 27 = 4*i. Suppose -i*d + 7*d - 48 = 0. What is the tens digit of d?
4
Let n = -265 + 446. Let l = n - 14. What is the tens digit of l?
6
Suppose 0 = -j - 2, -2*q + j + 7251 = -10175. What is the units digit of q?
2
Let y = 155 + -166. Let h(x) = -43*x - 21. What is the tens digit of h(y)?
5
Let a be (-6)/8 + (155805/(-12))/(-5). Suppose b - 1548 = -2*b - 3*z, -5*b - z = -a. What is the tens digit of b?
2
Let c be 6/10 - (-494)/10. Let p = -66 + c. Let a(b) = -9*b + 12. What is the units digit of a(p)?
6
Let w(v) = 33*v**2 - 1. Let q be w(-1). What is the units digit of (-2 - 210/(-40))*q?
4
Let u = 4 - 1. What is the units digit of 30*(u/(-2))/(-1)?
5
Suppose 32*w = -t + 26*w + 9148, -2*t + 18310 = -2*w. What is the tens digit of t?
5
Let x(k) = -k**3 + 10*k**2 + 14*k + 43. Let v be x(13). Let n = 877 + v. What is the tens digit of n?
9
Let f = 68 + 1573. What is the hundreds digit of f?
6
Let h = 140 - 94. Suppose 546*c = 548*c - h. What is the units digit of c?
3
Let a(s) = -3*s**2 - 125*s - 8. Let w be a(-7). Let k = 375 + w. What is the units digit of k?
5
Let j(w) = -13*w**2 + 4*w - 15. Let p(c) = 38*c**2 - 12*c + 44. Let o(h) = -8*j(h) - 3*p(h). Let m be o(3). Let f = -30 - m. What is the tens digit of f?
6
Suppose -5997*i = -6025*i + 94360. What is the hundreds digit of i?
3
Let q = 8193 - 4315. What is the thousands digit of q?
3
Suppose 0 = -27*z + 22*z + 215. Suppose l - 355 = -z. What is the tens digit of l?
1
Suppose 36*l - 93*l + 46*l + 118162 = 0. What is the ten thousands digit of l?
1
Let x(p) = p**3 + 9*p**2 + 6. Let l be x(-9). Suppose -5*k - l = 4. What is the tens digit of ((-2)/((-8)/(-18)))/(k/48)?
0
Suppose 3*n + 3*i + 30 = 0, -4*n - 56 = i - 1. What is the tens digit of -11 - n - 431/(1 + -2)?
3
Suppose -2*f + 36 = -342. Let i = -74 + f. What is the hundreds digit of i?
1
Suppose 8 = -100*r + 104*r + 2*m, r = 5*m + 24. Suppose 17 + 45 = f. What is the tens digit of (f/r)/((-12)/(-24))?
3
Let k(h) = h**3 + 5*h**2 - 29*h - 51. Let g be k(-12). What is the units digit of -33*(g/27 + 8)?
5
Suppose -5*z + 40072 = 2*s, -31*z + 30*z + 2*s + 8012 = 0. What is the thousands digit of z?
8
Let f = 100 - 100. Let c be (3 - f) + (78 + -6)/(-3). What is the tens digit of (-14)/c + (-829)/(-3)?
7
Suppose -5*z = -5*f + 75, 0 = 58*z - 53*z + 3*f + 67. What is the hundreds digit of 2612/12 + z/21*1?
2
What is the tens digit of (-4 - -12 - -7711) + -9?
1
Let k = 2 - -8. Suppose 0 = -2*n + 4, 2*j - 5*n - 327 - 933 = 0. Suppose k*w = -j + 1805. What is the hundreds digit of w?
1
Let v = 2728 - -20134. What is the ten thousands digit of v?
2
Suppose -7 - 9 = -2*n. Let g(o) = o**3 - 10*o**2 + 17*o - 5. Let y be g(n). Suppose 4*t = -5*q + y*t + 371, 0 = -2*q - 3*t + 151. What is the units digit of q?
4
What is the ten thousands digit of (50935/30 + -20)*6?
1
Suppose 0 = f - 3, 2*h + 11 = 3*f + 4. Let j be ((-2)/(-3))/(h/(-42)). What is the units digit of (j + 0)*(-78)/12?
2
Suppose 5*k - 14792 = -p, -k + 12120 = p - 2680. What is the tens digit of p?
0
Let s = 12533 + -3848. What is the thousands digit of s?
8
Let u = 36238 - -6054. What is the tens digit of u?
9
Let h = 100463 - 40011. What is the hundreds digit of h?
4
Let y(a) = 1274*a + 819. What is the thousands digit of y(12)?
6
Suppose -4*h + 14672 = -0*h - 29008. What is the hundreds digit of h?
9
Suppose 2*j = 197 - 43. Let d be 322/j - (-4)/(-22). Suppose -d*h = 5*h - 189. What is the tens digit of h?
2
Suppose -4*h = f - 72735 - 68711, 5*h + 4*f - 176813 = 0. What is the ten thousands digit of h?
3
Let i be (-42 - -3) + (-1 - 0)*-3. Let d = i - -36. Suppose d = -2*n - 7*n + 126. What is the tens digit of n?
1
What is the units digit of 5/(-2)*(-9)/((-180)/(-72544))?
8
Let b = 151 + -154. What is the tens digit of 1/(-1 + 254*b/(-756))?
2
Let j(v) = -92*v + 13. Let s